0060. What is the tens digit of n?
1
Suppose i - 4*w = 6*i - 1657, -i = -2*w - 337. What is the hundreds digit of i?
3
What is the thousands digit of 4/(-6)*(-509544)/144?
2
Suppose -3417 = 2592*q - 2595*q. What is the thousands digit of q?
1
Suppose -54 = -5*x + 36. Suppose -x*d - 505 = -23*d. What is the units digit of d?
1
Let a(w) = -w**3 - 5*w**2 - 5*w + 1. Let y be a(-4). Suppose v - 78 = -x, 0 = -3*x - y*v + 299 - 73. What is the tens digit of x?
8
Let d = -30 - -34. Suppose 0 = -2*y + y + 2. Suppose y - 66 = -d*c. What is the tens digit of c?
1
Let c be -6*68*(-3 + 2). Suppose 5*b - c + 63 = 0. What is the units digit of b?
9
Let u = 303 + -151. What is the tens digit of u?
5
Let i(y) = 430*y**3 - y**2 + 7*y - 6. What is the units digit of i(1)?
0
Let f = -13 + 31. Suppose -7*y + 10 = -f. Suppose 5 = -w, -w + y*w = 3*d - 102. What is the tens digit of d?
2
Suppose 185 = 2*t - 89. What is the tens digit of t?
3
Let t be 1 + -2 - (-12 - -1). Let b(u) = 3*u**2 + 8*u - 3. Let y(m) = -8*m**2 - 16*m + 7. Let o(g) = -5*b(g) - 2*y(g). What is the tens digit of o(t)?
2
Let w(z) = 5*z**2 - 4 - 2 + z + 3. What is the units digit of w(-3)?
9
Let h be (40/14)/(-5) + (-1884)/(-14). Suppose -3*q + h = 2*b - q, b - 87 = -5*q. What is the tens digit of b?
6
Suppose 5*d - 5 = -0. Let g(i) = i + 12. Let k be g(-9). What is the units digit of ((-4)/(-3) + d)*k?
7
Suppose -2*m + 7*m + 21 = -2*j, -5*j - 3*m - 24 = 0. Let p(s) = -22*s - 7. Let t be p(j). Let d = t - 0. What is the tens digit of d?
5
Suppose -5*c - b = -8*c + 72, -2*c = 3*b - 48. Suppose c*q - 118 = 23*q. What is the tens digit of q?
1
Suppose 0 = y + 5*s - 1593 + 459, y - 1102 = 3*s. What is the tens digit of y?
1
Suppose 9*j - 8*j - 35 = 0. Suppose 5*y = -4*s + j, 2*s - 3*y + 0 - 1 = 0. What is the units digit of s?
5
Let w(z) = 2*z**2 - 23*z - 59. What is the units digit of w(-8)?
3
Suppose -4*p + 0*t + 449 = -3*t, 4*t + 561 = 5*p. Suppose p = 7*h - 769. What is the units digit of h?
6
Let k be (20/2)/(1/4). Suppose 0 = 4*q - 4*x + 2*x - 96, 2*q = 3*x + k. What is the units digit of q?
6
What is the units digit of 379936/128 + ((-5)/4)/5?
8
Let v(k) = -37*k**3 - 4*k**2 - 2*k - 8. What is the hundreds digit of v(-2)?
2
Suppose 2*j + 1 - 17 = 0. Let u = j + 8. What is the units digit of u?
6
Suppose 17*o = 16775 - 744. What is the tens digit of o?
4
Let w be 9 + 3/6*0/(-1). Suppose 0 = h + 5*q - 38, h - 5*q + 0 = 8. What is the tens digit of (-6)/w*3 + h?
2
Let r(z) = -8*z**3 - 7*z**2 - 7*z - 26. What is the units digit of r(-7)?
4
Suppose o = -y + 7, -y - 3*y = 3*o - 19. Let r = 10 - o. What is the units digit of 3 - (r + -2 + 3)?
1
Suppose 3*t = -0*t + 6. Let l be t*(3 + (-147)/6). Let x = 72 + l. What is the tens digit of x?
2
Let c = 308 - -1. What is the tens digit of c?
0
Let s(t) be the first derivative of -t**3/3 + 25*t**2/2 + 10*t - 14. What is the tens digit of s(20)?
1
Suppose -r - 284 = -314. What is the units digit of r?
0
Let v(k) be the third derivative of k**6/120 + k**5/10 - 5*k**4/24 + 11*k**2. What is the tens digit of v(-5)?
5
Let q be 2*((-9)/(-45))/(2/55). Suppose 0 = 8*n - q*n + 30. What is the units digit of n?
0
Suppose 3*y - 2184 = -x, -947 = 3*y - x - 3131. What is the units digit of y?
8
Let v be 6/4*8/12. Let m(c) be the third derivative of 19*c**5/60 - c**4/12 + c**3/6 - c**2. What is the tens digit of m(v)?
1
Let l = 38 + -5. Suppose 6*b = 201 + l. What is the units digit of b?
9
Suppose 3*c + 0*d - 261 = 4*d, c - 87 = -3*d. Suppose p + 2*s - c = 0, -p = p + 3*s - 172. Let v = p - 49. What is the tens digit of v?
3
Let c(y) = -y - 1. Let d be c(-11). Suppose 4*x + 14 + d = 0. Let n(g) = -2*g + 6. What is the units digit of n(x)?
8
Let j = 515 - -645. What is the thousands digit of j?
1
Let h(j) = j**2 + 7*j + 4. Let g be h(-7). Suppose 3*s + 81 = 4*r, 4*s + 1 = g*r - 111. Let v = 51 + s. What is the tens digit of v?
2
Suppose 4*g = 3*d - 31, d - 4*g - 18 = 3. Let x(w) = -w**2 + 6*w - 3. Let v be x(d). Let k(o) = 6*o + 2. What is the tens digit of k(v)?
1
Let n = -2740 - -3937. What is the tens digit of n?
9
Let j(o) = 36*o**2 - 4*o + 5. Let t be j(2). Let b = t + -77. What is the units digit of b?
4
Suppose 0 = 4*y - 20 + 8. Suppose -153 = -y*s + 45. What is the tens digit of s?
6
What is the tens digit of (1 + -3 + 1)*47043/(-9)?
2
Let v = 1465 - 780. What is the tens digit of v?
8
Suppose -12*c = -16572 + 1584. What is the hundreds digit of c?
2
Let u(x) = -4*x**3 - 5*x**2 + 23*x + 89. What is the units digit of u(-6)?
5
Let d(r) = -5*r**3 - 2*r**2 - r. Let s be d(-1). Suppose -s*f + 3*j + 468 = j, 3*f = -3*j + 351. What is the units digit of f?
7
Suppose 2866 = 5*s - 1064. What is the units digit of s?
6
Let l(t) = -t**3 + 7*t**2 - 9*t - 30. What is the hundreds digit of l(-5)?
3
Suppose -2*s = 2*s - 8. Let f(n) = -2*n**3 + 31*n**2 - 42*n + 6. Let l be f(14). Suppose s*i - l = -0*i. What is the units digit of i?
3
What is the hundreds digit of 17039/99 + ((-26)/(-9) - 3)?
1
Let d(a) = -8*a + 7. Let m(b) = 17*b - 13. Let u(p) = -14*d(p) - 6*m(p). What is the tens digit of u(3)?
1
Suppose 0 = 4*x - 2*n + 34, -5*x = 5*n - 0*n + 5. Let s(i) = 8*i**2 - 7*i - 5. Let q be s(x). What is the tens digit of 1*-3*q/(-39)?
2
Let t(j) = -5*j**2 - j. Let z be t(1). Let y be z/(-2) + 1 + 80. Suppose i = -2*i + y. What is the tens digit of i?
2
Suppose 11*n - 4334 + 22 = 0. What is the hundreds digit of n?
3
Let n = 9 - 6. Suppose -2*u + 230 = -l + 4*l, 228 = n*l + 3*u. What is the units digit of (l/8)/((-3)/(-8))?
6
Suppose 0 = 5*l - 3*v - 3936, 5*v - 36 + 832 = l. What is the tens digit of l?
8
Suppose 357 - 1353 = -3*s. Let n = -204 + s. What is the tens digit of n?
2
Let l = -234 + 510. What is the hundreds digit of l?
2
Let d(f) = -f**3 + 3*f**2 + 11*f - 3. Let n be d(5). Suppose -3*p + 6*p = h + 479, h = -n*p + 321. What is the hundreds digit of p?
1
Suppose 5*a - 248 = -5*b + 972, 5*a = 3*b - 748. Let o = -99 + b. What is the tens digit of o?
4
Let k = 113 - 86. Suppose 32*j = k*j + 15. What is the units digit of j?
3
Let a(n) = n**3 + 18*n**2 + n + 22. Let r be a(-18). Let i(j) = -j**3 + 0*j**3 - 3*j**2 - 1 + 7*j**2 + j. What is the units digit of i(r)?
3
Let l be -6 + (7 - (-6 - -4)). Suppose -o = -2*a - 6, o + 2*a - 9 = 5*a. Suppose -l = -3*w - o. What is the units digit of w?
1
Let d(j) = 13*j**3 - 12*j**3 + 0*j - 4*j**2 + 0*j + 2. Let a be d(5). What is the tens digit of 1170/a*(-3)/(-2)?
6
Let u(n) = 14*n**3 + 16*n**2 - 7*n + 4. What is the thousands digit of u(5)?
2
Let m be -1 - (4 - (4/1 + 4)). Suppose 0*z + 16 = 2*z. Suppose m*i - z*i = -145. What is the units digit of i?
9
Let n = -15 - -8. Let m(k) = -k**3 - 8*k**2 - 6*k + 8. Let r be m(n). What is the units digit of ((-12)/(-18))/(r/3)?
2
Suppose -3*l + s = -1, 2*s = -l - 2*l - 11. Suppose 2*z + 4 = -32. What is the units digit of (2/l)/(4/z)?
9
Suppose -z + 127 = -13. Let j = -39 + z. What is the tens digit of j?
0
Let u = -7 - -3. Let d(z) = 4*z. Let q be d(u). Let y = q - -17. What is the units digit of y?
1
Let i(y) = 2*y + 3*y + 7*y**2 - 3*y**2 - 4. Let h be i(4). Let f = 146 - h. What is the units digit of f?
6
Let u(m) = m**3 + 12*m**2 - 10*m - 9. What is the tens digit of u(-7)?
0
Suppose 5*o = 3*a + 96, 2*o - 6*o + 66 = 3*a. Let m = o + -1. Let x = -7 + m. What is the units digit of x?
0
Suppose -5384 = -19*h + 13426. What is the units digit of h?
0
Let x(a) = -80*a + 19. Let u be x(-3). Suppose -6*q = -u - 629. What is the hundreds digit of q?
1
What is the thousands digit of 90/(-240) - 24950/(-16)?
1
Let o be 160 + 1 + (-3)/(-1). What is the units digit of o*(21/(-6) + 4)?
2
Let o(u) = -u**3 - 9*u**2 - 10*u + 10. Let g be o(-10). Let s = -2 + 8. Suppose -k + g = s*k. What is the units digit of k?
0
Let n(v) = 42*v - 94. Let d be n(2). Let u(j) = -10 - 3 - 4*j + 0*j. What is the units digit of u(d)?
7
Let f(j) = 7*j**2 + j. Let z be f(1). Suppose -c - z = -2*x - 0, 4*c + 22 = 3*x. Let m = 52 + c. What is the tens digit of m?
4
Let u(s) = -196*s - 344. What is the units digit of u(-8)?
4
Let u(z) = z**3 - 6*z**2 + 3*z - 12. Let j be u(6). What is the units digit of 2/3 - ((-464)/j - -4)?
4
Suppose 20*d + 9191 = 114791. What is the thousands digit of d?
5
Let i be 18/6 - (0 + -10). Suppose i